s divided by 4.
0
What is the remainder when 2/(-7) + (3 - (-763)/98)*204 is divided by 63?
58
Suppose 0 = -k + f + 772, -4*k - 3*f = -2875 - 178. What is the remainder when k is divided by 21?
11
Let n = 2886 + -2868. Calculate the remainder when 665 is divided by n.
17
Suppose 0 = v - 1 - 2, 5*v = -3*l + 189. Let r = -332 + 472. Let w = r - l. What is the remainder when w is divided by 21?
19
Suppose -2*f - 174 = -618. Let b = 236 - f. Calculate the remainder when 40 is divided by b.
12
Let o = 83 + -82. Suppose 4*x + 16 = 4*k, -x + 3*x - o = -k. Suppose -k*z = -292 + 1. What is the remainder when z is divided by 20?
17
Suppose 2*q - 2*f + 3*f = 30, 0 = 4*f - 16. Let y(n) = 36*n - 1. Let u be y(q). Suppose -5*t - 97 + u = 0. Calculate the remainder when t is divided by 38.
36
Suppose -23959 - 9633 = -152*g. What is the remainder when g is divided by 188?
33
Let d be (-6 + 7)/(((-1)/3)/(-1)). Suppose 3*x + g = 67, d*x - 4*g + 5 = 52. Let p = 54 - x. What is the remainder when p is divided by 6?
3
Let b = 6167 + -6148. Calculate the remainder when (2 - (0 + -1))*17 is divided by b.
13
Let l = -13425 - -13444. Suppose -2*w = -3*w + 30. What is the remainder when w is divided by l?
11
Let f(z) = -21*z + 11. Let o(b) = -41*b + 29. Let m(t) = -5*f(t) + 2*o(t). Let a be 4*(2/4)/1. What is the remainder when m(a) is divided by 17?
15
Let a = 51 - 35. Let g be (5 - 7)/(((-55)/380)/11). Suppose -159*r = -g*r - 1099. What is the remainder when r is divided by a?
13
Suppose 0 = -28*r - 95*r + 3321. What is the remainder when 369 is divided by r?
18
Suppose -752*x = -744*x - 438 - 64362. Calculate the remainder when x is divided by 73.
70
Suppose -3*p - n + 2051 = 0, -5*p - 6*n = -10*n - 3441. Suppose m - 428 = 2*t - 5*t, 4*m + p = 5*t. What is the remainder when t is divided by 12?
9
Suppose -5*a = 2366 + 2714. Let k = -19 - -78. What is the remainder when k is divided by a/(-52) + 144/312?
19
Suppose 14*l = -2575 - 3669. Let h = l + 462. Calculate the remainder when 175 is divided by h.
15
Suppose -8866 = -13*t - 8749. Calculate the remainder when 19871 is divided by t.
8
Let l = 660 - 336. Calculate the remainder when l is divided by 107.
3
Let i = 9318 + -8556. What is the remainder when i is divided by 204?
150
Let p be (-6)/((1/3)/((-1)/6)). Let a = -127 - -154. What is the remainder when 75 - (1 + 0 + 3 - p) is divided by a?
20
Let g = 64 - 35. Suppose -g*f + 14 = -27*f. Suppose -6*h - 36 = -2*c, -4*c - 42 = -5*c - 5*h. What is the remainder when c is divided by f?
6
Let x(i) = 12*i - 215. Let g be x(20). Suppose 3*r - 26*j + g*j = 199, 0 = 4*r + 2*j - 252. What is the remainder when 135 is divided by r?
5
Let x(p) = 105*p**3 - 3*p**2 + 3*p - 1. Let t be x(1). Let k = -98 + t. Suppose -k*o - 6 = -96. Calculate the remainder when 73 is divided by o.
13
Suppose -m + 2*l + 31 = 0, 3*l + 2285 = 3*m + 2177. What is the remainder when 253 is divided by m?
7
Suppose 0 = -6*p - 204 + 2280. Suppose -p*g = -351*g + 60. What is the remainder when g is divided by 3?
0
Let i(l) = 3*l**2 + 8*l + 3 - 2 - 3*l. Let r(c) = -7*c**3 + 211*c**2 + 189*c - 65. What is the remainder when i(-5) is divided by r(31)?
23
Calculate the remainder when (-1575)/(-28) - (-1)/(-4) is divided by (10 - (17 - (0 - 1))) + 38.
26
Let u = 17 - 10. Let o be 12*(77/33 - (2 - 0)). Suppose o*f = 4*s + 108, 2*s + 20 + 8 = f. What is the remainder when f is divided by u?
5
Suppose 2*u - 125 = 109. Let r = -24 - -44. Calculate the remainder when u is divided by r.
17
Let m = -37 + 51. Suppose -k + 3*x - 34 = 0, -3*k + x + 12 - 90 = 0. Let d = k + 28. Calculate the remainder when m is divided by d.
2
Suppose 2*v = -4*t + 150, -3*t + 4*v = -8*t + 189. Let k(h) = 3*h + 146. What is the remainder when k(-3) is divided by t?
26
Suppose -10 = -8*w + 134. Suppose w*f - 1843 = -439. Calculate the remainder when f is divided by 40.
38
Let x(s) = -32*s - 302. Let b be x(-14). Let w = 174 - b. Calculate the remainder when 48 is divided by w.
20
Let d(q) = -q**2 + 1490*q - 8895. Let k = 25 - -9. Calculate the remainder when k is divided by d(6).
7
Let y = 68 - 31. Let f = 11876 - 11730. Calculate the remainder when f is divided by y.
35
Suppose 2*m = -2*m. Let t = 836 + -563. Suppose -7*k + 0*k + t = m. What is the remainder when k is divided by 22?
17
Let y = 154 + -100. Let b(x) = 12*x - y + 21 - x**2 + x. What is the remainder when b(7) is divided by 2?
1
Let a = -5712 + 5728. Calculate the remainder when 349 is divided by a.
13
Suppose 2*k - t - 840 = -5*t, 4*k - 2*t - 1650 = 0. Let n = 268 + -71. Calculate the remainder when n is divided by 1204/18 - (-46)/k.
63
Suppose 33*g - 283 = 398 + 177. What is the remainder when 1/3 + (-140)/(-3) is divided by g?
21
Suppose -5*t - 25 = 0, 3*l - 5*t - 796 + 165 = 0. Let g = -182 + l. Calculate the remainder when g is divided by 9.
2
Let s(k) = k**3 - 35*k**2 + 109*k + 474. Suppose 0 = 2*o + 3*o - 115. What is the remainder when o is divided by s(31)?
5
Calculate the remainder when 592 is divided by (9118/141)/(-2 - (-14)/6).
10
Let c(w) = 2*w**2 - 154*w - 626. Calculate the remainder when 2143 is divided by c(81).
9
Let j(w) = 5*w**2 + 26*w - 27. Let f be j(-13). Suppose 6*k = k + f. Calculate the remainder when k is divided by 23.
4
Let w(m) = -m**3 - 7*m**2 + 20*m + 53. Suppose -3*a + 2*x = -262, a = 4*a + 4*x - 250. Calculate the remainder when a is divided by w(-9).
16
Let u = 37425 + -31286. What is the remainder when 6141 is divided by u?
2
Suppose 3*h + 3*x - 23 = -x, -x = -2. What is the remainder when h is divided by (-36)/(-162) - (-3 - (-4)/18)?
2
Let p = 205982 + -205951. What is the remainder when 4/6 + 902/6 is divided by p?
27
Let i = 50 + -40. Let l be (1 + 9)*76/i. Suppose -2*v + b + l = 0, -4*b = 3*v + v - 128. What is the remainder when v is divided by 21?
15
Let u(f) = -f - 2. Let l be u(5). Let j(k) = 3*k**2 + 3*k - 38. What is the remainder when j(l) is divided by 10?
8
What is the remainder when 7199 is divided by ((-2)/2 - -101) + 4/(-6)*6?
95
Suppose 175 = -4*m + 275. What is the remainder when 19972 is divided by m?
22
Let q be (27 + 2 - -3) + -1. Suppose -58 = -2*l - k, -2*l + l + q = k. Suppose -133*z + 1120 = -119*z. Calculate the remainder when z is divided by l.
26
Suppose -23*o = -25*o - 12. Let i(m) = m**2 + 3*m - 2. What is the remainder when (-358)/(-6) - ((-3)/1)/9 is divided by i(o)?
12
Suppose 0 = 4*b + z + 3, b + 19 - 22 = -4*z. Calculate the remainder when 112 is divided by -2 - 4/((-10)/6 - b).
0
Let p be ((-8)/(-6))/(5/45*6). Suppose 24 + 16 = p*u. Calculate the remainder when ((-77)/(-4))/((-2)/(-8)) is divided by u.
17
Let i = -97 + 160. Suppose 4*g + 232 = 5*r + 824, -5*g - 3*r + 703 = 0. Calculate the remainder when g is divided by i.
17
Let u be (-11 + -1)*(-1 + 5 + -3). Let l(m) = m**2 + 14*m + 70. What is the remainder when 134 is divided by l(u)?
42
Let h(j) = -6*j**2 - 450*j - 351. Calculate the remainder when 2631 is divided by h(-73).
6
Suppose 11*v - 8*v = f - 8488, 0 = -5*f - 5*v + 42360. What is the remainder when f is divided by 27?
25
Let r = -1192 + 4769. Calculate the remainder when r is divided by 20.
17
Suppose 3*n = 4*q + 144, 15 = 10*q - 5*q. Suppose -4*h - 12 = -n. Calculate the remainder when 22 is divided by h.
2
Suppose -p = -6, -6981 = -5*q - 5*p - 1141. Calculate the remainder when q is divided by 62.
46
Suppose 475 - 313945 = -27*b. What is the remainder when b is divided by 79?
76
Suppose 61*r = 3*b + 62*r - 727, -2*r = 10. Calculate the remainder when b is divided by 160.
84
Let s(g) = 2*g**3 - 37*g**2 - 3*g - 14. What is the remainder when s(19) is divided by 39?
17
Let i = 35 + -36. Let y be 26/2 - ((-3 - 0) + i). Calculate the remainder when 35 is divided by -2 + y - (-2 + -1).
17
Let x(u) = u**3 - 3*u**2 - 3*u. Let m = 92360 - 92321. What is the remainder when m is divided by x(4)?
3
Let z = -6854 - -6866. Calculate the remainder when 1823 is divided by z.
11
Suppose -2*q - 11*y + 1 = -8*y, 5*y - 2 = -3*q. Calculate the remainder when 20 is divided by q + 1 + (-11)/(-7 + 6).
9
Suppose -o - 3*b = 105, 22 = -o - 5*b - 87. Let n = 200 + o. Calculate the remainder when n is divided by 21.
17
Let y = -2 - -5. Suppose 0 = 5*s + 10, 7*m - y*m - 2*s = 4. Suppose -3*w + 81 = -m*w. What is